ainder when 5637639 is divided by 555?
504
Calculate the remainder when 11605763 is divided by 51.
50
Calculate the remainder when 1680565 is divided by 175.
40
Calculate the remainder when 306666 is divided by 304175.
2491
Calculate the remainder when 1447429 is divided by 53.
52
Calculate the remainder when 264834 is divided by 532.
430
What is the remainder when 116965 is divided by 103?
60
Calculate the remainder when 7532 is divided by 1265.
1207
What is the remainder when 4159615 is divided by 1536?
127
Calculate the remainder when 2042882 is divided by 341.
292
Calculate the remainder when 2786251 is divided by 434.
405
Calculate the remainder when 1078493492 is divided by 5416.
5412
What is the remainder when 28089 is divided by 1487?
1323
Calculate the remainder when 12149 is divided by 1253.
872
What is the remainder when 18591060 is divided by 3371?
3366
What is the remainder when 89555022 is divided by 22388751?
18
What is the remainder when 1672636 is divided by 1672617?
19
Calculate the remainder when 545758345 is divided by 15.
10
Calculate the remainder when 492609 is divided by 164148.
165
Calculate the remainder when 107762 is divided by 106313.
1449
Calculate the remainder when 2903302 is divided by 3.
1
What is the remainder when 4080340 is divided by 3389?
3373
What is the remainder when 779301 is divided by 176?
149
Calculate the remainder when 331182 is divided by 1013.
944
What is the remainder when 464724 is divided by 464535?
189
What is the remainder when 22636306 is divided by 11318127?
52
What is the remainder when 1673592 is divided by 1673539?
53
Calculate the remainder when 408024601 is divided by 13.
10
What is the remainder when 7869020 is divided by 10?
0
Calculate the remainder when 1125634 is divided by 114.
112
Calculate the remainder when 5908409 is divided by 26734.
195
What is the remainder when 90973141 is divided by 218?
215
Calculate the remainder when 26697224 is divided by 230148.
56
Calculate the remainder when 574134 is divided by 105.
99
Calculate the remainder when 131662 is divided by 13.
11
What is the remainder when 1055926 is divided by 670?
6
Calculate the remainder when 1383018 is divided by 10095.
3
What is the remainder when 10178478 is divided by 212?
146
What is the remainder when 270567 is divided by 90107?
246
What is the remainder when 400598343 is divided by 35?
33
Calculate the remainder when 250823 is divided by 6565.
1353
What is the remainder when 2017052 is divided by 1007997?
1058
What is the remainder when 292346 is divided by 288?
26
Calculate the remainder when 37608826 is divided by 626.
624
What is the remainder when 36074897 is divided by 3009?
3005
What is the remainder when 49052 is divided by 7698?
2864
Calculate the remainder when 23706315 is divided by 2030.
2005
What is the remainder when 3230636 is divided by 179475?
86
Calculate the remainder when 34217 is divided by 3090.
227
What is the remainder when 53837 is divided by 3129?
644
What is the remainder when 14813 is divided by 1772?
637
Calculate the remainder when 14443 is divided by 13743.
700
What is the remainder when 134133396 is divided by 52?
20
What is the remainder when 39549218 is divided by 309?
308
Calculate the remainder when 56397431 is divided by 1371.
1346
Calculate the remainder when 37462424 is divided by 654.
650
Calculate the remainder when 11736981 is divided by 23427.
54
Calculate the remainder when 10163695 is divided by 1693889.
361
What is the remainder when 9169476 is divided by 759?
756
What is the remainder when 53654 is divided by 1543?
1192
What is the remainder when 211850832 is divided by 35?
32
Calculate the remainder when 1510211 is divided by 900.
11
Calculate the remainder when 6577268 is divided by 2664.
2516
Calculate the remainder when 40471 is divided by 11799.
5074
Calculate the remainder when 12119576 is divided by 249.
248
Calculate the remainder when 977845 is divided by 488921.
3
Calculate the remainder when 621330 is divided by 2185.
790
What is the remainder when 1411793 is divided by 18?
17
What is the remainder when 367770 is divided by 6?
0
Calculate the remainder when 15125413 is divided by 4677.
4672
Calculate the remainder when 110219434 is divided by 549.
547
What is the remainder when 2887567 is divided by 481255?
37
What is the remainder when 383958695 is divided by 129?
128
Calculate the remainder when 148025 is divided by 28121.
7420
What is the remainder when 1652492 is divided by 15160?
52
Calculate the remainder when 2556218 is divided by 39325.
93
Calculate the remainder when 13383 is divided by 1639.
271
Calculate the remainder when 498814 is divided by 222.
202
What is the remainder when 466750 is divided by 98?
74
What is the remainder when 4918307 is divided by 6087?
11
Calculate the remainder when 3867763 is divided by 98.
95
Calculate the remainder when 522058 is divided by 173732.
862
Calculate the remainder when 64114 is divided by 8970.
1324
What is the remainder when 817055 is divided by 896?
799
Calculate the remainder when 4758902 is divided by 648.
638
What is the remainder when 4491633 is divided by 40?
33
What is the remainder when 517580 is divided by 8?
4
Calculate the remainder when 10666002 is divided by 10110.
10062
Calculate the remainder when 6012075 is divided by 122.
37
What is the remainder when 5696645 is divided by 56?
45
Calculate the remainder when 682797 is divided by 61925.
1622
Calculate the remainder when 2879488518 is divided by 91.
88
Calculate the remainder when 4683970 is divided by 3255.
25
Calculate the remainder when 149097 is divided by 13517.
410
Calculate the remainder when 520002 is divided by 472.
330
Calculate the remainder when 29236 is divided by 1209.
220
What is the remainder when 7071888 is divided by 545?
513
What is the remainder when 684154 is divided by 8771?
16
Calculate the remainder when 7010696 is divided by 7807.
10
What is the remainder when 3373786 is divided by 2468?
30
Calculate the remainder when 165715839 is divided by 1716.
3
What is the remainder when 154536 is divided by 909?
6
What is the remainder when 73744 is divided by 36490?
764
Calculate the remainder when 23318147 is divided by 274331.
12
Calculate the remainder when 179519 is divided by 3632.
1551
What is the remainder when 3709985 is divided by 361?
349
What is the remainder when 15403 is divided by 15344?
59
What is the remainder when 3164405 is divided by 207?
203
What is the remainder when 1795634 is divided by 751?
744
Calculate the remainder when 50958075 is divided by 21447.
3
What is the remainder when 64109 is divided by 31855?
399
Calculate the remainder when 80896 is divided by 92.
28
Calculate the remainder when 7982943 is divided by 1615.
1613
Calculate the remainder when 38650007 is divided by 6.
5
Calculate the remainder when 2053015 is divided by 427.
426
What is the remainder when 584272772 is divided by 1743?
1742
Calculate the remainder when 414248 is divided by 138030.
158
What is the remainder when 22986647 is divided by 44?
35
Calculate the remainder when 268498 is divided by 441.
370
Calculate the remainder when 1349125 is divided by 32.
5
What is the remainder when 16691555 is divided by 6690?
5
What is the remainder when 421918349 is divided by 210?
209
What is the remainder when 384385 is divided by 6655?
5050
Calculate the remainder when 29708348 is divided by 32.
28
Calculate the remainder when 274793 is divided by 2281.
1073
Calculate the remainder when 474453806 is divided by 2245.
2241
What is the remainder when 1009565 is divided by 19414?
37
Calculate the remainder when 3744622 is divided by 353.
351
Calculate the remainder when 2431869584 is divided by 111.
110
What is the remainder when 63967 is divided by 12498?
1477
Calculate the remainder when 106156 is divided by 24412.
8508
Calculate the remainder when 73211 is divided by 36539.
133
What is the remainder when 229185 is divided by 57222?
297
What is the remainder when 8344 is divided by 530?
394
What is the remainder when 2681045 is divided by 383006?
3
What is the remainder when 1531384 is divided by 798?
22
What is the remainder when 453170 is divided by 20571?
608
Calculate the remainder when 119513 is divided by 1033.
718
Ca